7 a multiple of 42?
False
Is 832020 a multiple of 294?
True
Does 50 divide 13112?
False
Does 47 divide 54238?
True
Is 2 a factor of 11008?
True
Is 484120 a multiple of 7?
True
Is 1098391 a multiple of 27?
False
Is 780836 a multiple of 28?
True
Is 83 a factor of 77024?
True
Is 161 a factor of 1350249?
False
Is 24 a factor of 1457952?
True
Is 94 a factor of 239835?
False
Is 393799 a multiple of 8?
False
Does 420 divide 343140?
True
Is 1519601 a multiple of 648?
False
Is 44 a factor of 310300?
False
Is 15 a factor of 329355?
True
Is 12 a factor of 179504?
False
Does 20 divide 157360?
True
Does 17 divide 741278?
False
Does 16 divide 12278112?
True
Does 79 divide 12399?
False
Is 127421 a multiple of 52?
False
Is 24 a factor of 97570?
False
Is 733568 a multiple of 22?
True
Is 873940 a multiple of 370?
True
Is 261 a factor of 630315?
True
Is 4742796 a multiple of 67?
True
Is 108509 a multiple of 10?
False
Is 510 a factor of 574971?
False
Does 288 divide 1245024?
True
Is 237 a factor of 2250292?
False
Does 6 divide 3518?
False
Does 1224 divide 16598664?
True
Does 75 divide 5699957?
False
Does 66 divide 1664388?
True
Does 28 divide 218176?
True
Is 669529 a multiple of 7?
True
Is 115839 a multiple of 9?
True
Does 15 divide 232635?
True
Is 629606 a multiple of 75?
False
Is 526478 a multiple of 7?
False
Is 73008 a multiple of 72?
True
Is 11750 a multiple of 10?
True
Does 638 divide 16436156?
True
Is 78 a factor of 71456?
False
Is 88 a factor of 409294?
False
Is 54732 a multiple of 12?
True
Is 47 a factor of 2276695?
False
Is 3388989 a multiple of 832?
False
Does 42 divide 276987?
False
Is 123857 a multiple of 211?
True
Is 37 a factor of 325304?
True
Is 3 a factor of 421891?
False
Does 7 divide 168389?
False
Is 28 a factor of 1152415?
False
Is 66 a factor of 655710?
True
Is 80 a factor of 85520?
True
Is 2864 a multiple of 16?
True
Is 74437 a multiple of 101?
True
Is 12707 a multiple of 9?
False
Does 49 divide 150136?
True
Is 182650 a multiple of 281?
True
Is 100 a factor of 6512500?
True
Is 12 a factor of 755808?
True
Does 8 divide 58192?
True
Does 3 divide 1690953?
True
Does 123 divide 418938?
True
Is 3446897 a multiple of 202?
False
Is 549696 a multiple of 48?
True
Does 45 divide 152408?
False
Is 429 a factor of 552232?
False
Does 105 divide 1575?
True
Does 2 divide 1084523?
False
Is 51084 a multiple of 516?
True
Does 6 divide 6582?
True
Does 75 divide 45034?
False
Is 1071162 a multiple of 6?
True
Does 35 divide 2257220?
True
Is 20919570 a multiple of 98?
True
Is 41774 a multiple of 81?
False
Does 21 divide 1303874?
False
Does 176 divide 5441360?
False
Is 218591 a multiple of 144?
False
Is 128 a factor of 1011072?
True
Is 201 a factor of 124620?
True
Is 2058760 a multiple of 55?
True
Does 76 divide 175663?
False
Is 271320 a multiple of 357?
True
Is 1011 a factor of 320594?
False
Does 105 divide 136613?
False
Is 11 a factor of 365385?
False
Is 378 a factor of 104389?
False
Is 4040550 a multiple of 45?
True
Is 323 a factor of 649950?
False
Is 5146625 a multiple of 197?
True
Is 41 a factor of 1478340?
False
Is 1535180 a multiple of 9?
False
Is 15 a factor of 100365?
True
Is 47 a factor of 57340?
True
Does 22 divide 2333848?
True
Is 30240 a multiple of 108?
True
Is 186250 a multiple of 14?
False
Is 235 a factor of 654843?
False
Is 248 a factor of 18917190?
False
Does 14 divide 318080?
True
Does 22 divide 60918?
True
Is 11 a factor of 423975?
False
Is 228141 a multiple of 42?
False
Is 5 a factor of 99929?
False
Is 163 a factor of 1067091?
False
Is 5501516 a multiple of 40?
False
Does 35 divide 150745?
True
Does 9 divide 8916476?
False
Is 22 a factor of 9191929?
False
Does 856 divide 5262298?
False
Does 69 divide 40635?
False
Is 3702208 a multiple of 17?
False
Is 13 a factor of 164718?
False
Is 103572 a multiple of 252?
True
Is 197 a factor of 149917?
True
Does 238 divide 332796?
False
Does 29 divide 679209?
True
Is 662380 a multiple of 4?
True
Does 360 divide 28800?
True
Is 153549 a multiple of 517?
True
Is 191 a factor of 133891?
True
Is 186101 a multiple of 14?
False
Is 226 a factor of 289506?
True
Is 1097848 a multiple of 436?
True
Is 46 a factor of 145544?
True
Is 1316338 a multiple of 54?
False
Is 14911 a multiple of 13?
True
Is 13 a factor of 30173?
True
Does 15 divide 3486297?
False
Is 503153 even?
False
Does 24 divide 491736?
True
Does 136 divide 123488?
True
Is 157046 a multiple of 31?
True
Does 1306 divide 2229342?
True
Is 994654 a multiple of 42?
False
Is 27 a factor of 2844935?
False
Is 54356 a multiple of 36?
False
Is 2 a factor of 515898?
True
Is 1329658 a multiple of 545?
False
Is 25 a factor of 46270?
False
Is 2735057 a multiple of 61?
True
Is 91796 a multiple of 212?
True
Is 748 a factor of 636312?
False
Is 57188 a multiple of 12?
False
Is 220 a factor of 108020?
True
Is 6114340 a multiple of 20?
True
Does 2 divide 1297?
False
Is 5 a factor of 18775?
True
Is 350114 a multiple of 865?
False
Is 410592 a multiple of 14?
True
Is 6 a factor of 667968?
True
Does 17 divide 1227825?
True
Does 147 divide 97490?
False
Is 273905 a multiple of 37?
False
Is 2924218 a multiple of 22?
True
Is 45 a factor of 11814165?
True
Does 13 divide 309205?
True
Does 180 divide 290804?
False
Is 714877 a multiple of 2?
False
Does 12 divide 824922?
False
Does 34 divide 145945?
False
Does 87 divide 135092?
False
Does 56 divide 161896?
True
Is 62115 a multiple of 13?
False
Is 292264 a multiple of 14?
True
Is 4080205 a multiple of 6?
False
Does 259 divide 1715944?
False
Is 55870 a multiple of 74?
True
Is 308694 a multiple of 6?
True
Is 6 a factor of 387168?
True
Is 24 a factor of 19577?
False
Does 10 divide 291652?
False
Is 6289256 a multiple of 41?
False
Is 50 a factor of 3699519?
False
Does 81 divide 525662?
False
Is 269 a factor of 1605392?
True
Does 148 divide 860038?
False
Is 340318 a multiple of 19?
False
Is 70262 a multiple of 4?
False
Does 41 divide 96337?
False
Does 12 divide 41208?
True
Does 3 divide 1261376?
False
Is 193 a factor of 13075750?
True
Is 9918 a multiple of 8?
False
Does 42 divide 769449?
False
Is 10935 even?
False
Is 2054470 a multiple of 418?
True
Does 244 divide 21442484?
False
Is 1929498 a multiple of 706?
True
Is 8616 a multiple of 12?
True
Is 12 a factor of 432?
True
Is 963 a factor of 643284?
True
Is 6727241 a multiple of 96?
False
Is 26 a factor of 3635398?
True
Is 41024 a multiple of 4?
True
Is 213530 a multiple of 29?
False
Is 389102 a multiple of 3?
False
Does 335 divide 1785885?
True
Is 199 a factor of 253329?
False
Is 784326 a multiple of 2?
True
Is 44 a factor of 12067761?
False
Is 17 a factor of 36187?
False
Does 31 divide 134826?
False
Does 87 divide 149223?
False
Does 460 divide 473340?
True
Is 1242852 a multiple of 52?
True
Does 17 divide 193277?
False
Is 2084277 a multiple of 69?
False
Is 6224010 a multiple of 43?
False
Is 87 a factor of 70557?
True
Is 5730415 a multiple of 31?
False
Is 5159 a multiple of 6?
False
Is 2123073 a multiple of 835?
False
Is 71 a factor of 480599?
True
Does 375 divide 686250?
True
Does 8 divide 93685?
False
Is 6 a factor of 10360152?
True
Is 50 a factor of 17142953?
False
Is 462000 a multiple of 350?
True
Is 52824 even?
True
Does 16 divide 5891568?
True
Does 20 divide 7084676?
False
Is 11 a factor of 53320?
False
Is 12527997 a multiple of 20?
False
Does 7 divide 448?
True
Is 6 a factor of 2656?
False
Is 25 a factor of 221745?
False
Is 157 a factor of 533800?
True
Does 824 divide 22806672?
True
Is 81992 a multiple of 277?
True
Does 137 divide 253808?
False
Is 10731595 a multiple of 763?
True
Is 4635906 a multiple of 551?
False
Is 329679 a multiple of 7?
True
Is 614000 a multiple of 25?
True
Is 564246 a multiple of 162?
True
Is 608342 a multiple of 725?
False
Is 34371 a multiple of 67?
True
Is 70868 a multiple of 9?
False
Is 15651960 a multiple of 265?
True
Is 539 a factor of 536305?
True
Does 41 divide 1290408?
False
Is 44534978 a multiple of 12?
False
Is 287097 a multiple of 232?
False
Is 17 a factor of 3658186?
False
Does 14 divide 292936?
True
Is 104328 a multiple of 12?
True
Is 2095731 a multiple of 99?
True
Is 53 a factor of 134991?
True
Is 25 a factor of 60300?
True
Is 3941583 a multiple of 89?
False
Is 6 a factor of 42408?
True
Is 832500 a multiple of 16?
False
Is 200 a factor of 94400?
True
Is 